a multiple of 23?
False
Is 524 a multiple of 66?
False
Does 4 divide 1120?
True
Does 64 divide 704?
True
Is 18 a factor of 596?
False
Is 36 a factor of 18720?
True
Is 28728 a multiple of 76?
True
Does 164 divide 984?
True
Does 20 divide 660?
True
Is 231 a multiple of 13?
False
Is 4268 a multiple of 44?
True
Is 4494 a multiple of 42?
True
Is 23 a factor of 5302?
False
Is 37 a factor of 6401?
True
Is 17 a factor of 1135?
False
Is 2840 a multiple of 8?
True
Is 42 a factor of 13028?
False
Is 74 a factor of 2656?
False
Is 672 a multiple of 56?
True
Is 21 a factor of 861?
True
Is 2 a factor of 63?
False
Is 6 a factor of 3367?
False
Is 31754 a multiple of 123?
False
Is 1034 a multiple of 29?
False
Does 11 divide 1386?
True
Is 48802 a multiple of 272?
False
Is 9380 a multiple of 140?
True
Is 1408 a multiple of 7?
False
Is 127 a factor of 425?
False
Is 714 a multiple of 34?
True
Is 25 a factor of 720?
False
Is 23 a factor of 2781?
False
Is 15 a factor of 250?
False
Is 1205 a multiple of 32?
False
Does 30 divide 16500?
True
Does 21 divide 5772?
False
Does 17 divide 2423?
False
Is 119 a factor of 37604?
True
Is 23 a factor of 1475?
False
Is 1539 a multiple of 9?
True
Does 13 divide 2730?
True
Is 94 a factor of 3719?
False
Is 124 a multiple of 3?
False
Is 53 a factor of 1637?
False
Does 22 divide 67474?
True
Is 13 a factor of 6305?
True
Is 54416 a multiple of 16?
True
Does 11 divide 1672?
True
Does 12 divide 12132?
True
Does 8 divide 1277?
False
Is 98 a multiple of 7?
True
Does 103 divide 12257?
True
Is 35 a factor of 24887?
False
Is 13046 a multiple of 295?
False
Is 5325 a multiple of 71?
True
Does 48 divide 2448?
True
Is 25 a factor of 2875?
True
Is 14 a factor of 9100?
True
Is 1720 even?
True
Is 11 a factor of 1265?
True
Is 5 a factor of 653?
False
Is 21 a factor of 315?
True
Is 1836 a multiple of 50?
False
Is 6 a factor of 5778?
True
Is 191 a multiple of 2?
False
Does 23 divide 1709?
False
Is 7 a factor of 4110?
False
Is 13293 a multiple of 13?
False
Does 83 divide 3945?
False
Is 4036 a multiple of 4?
True
Does 59 divide 9971?
True
Is 1460 a multiple of 4?
True
Does 51 divide 510?
True
Is 2646 a multiple of 21?
True
Is 1020 a multiple of 15?
True
Does 143 divide 81253?
False
Does 50 divide 3600?
True
Is 4 a factor of 48?
True
Is 16 a factor of 448?
True
Is 7800 a multiple of 30?
True
Does 4 divide 3041?
False
Is 49170 a multiple of 15?
True
Is 12 a factor of 204?
True
Is 9337 a multiple of 137?
False
Is 11 a factor of 1717?
False
Is 68 a factor of 5619?
False
Does 96 divide 3744?
True
Is 20 a factor of 187?
False
Is 11 a factor of 541?
False
Is 111 a factor of 25127?
False
Is 3108 a multiple of 21?
True
Is 6 a factor of 2442?
True
Is 944 a multiple of 4?
True
Is 14 a factor of 56379?
False
Does 10 divide 1981?
False
Does 12 divide 1640?
False
Is 4606 a multiple of 7?
True
Is 113 a factor of 49494?
True
Is 18 a factor of 1026?
True
Is 631 a multiple of 6?
False
Is 144 a factor of 28830?
False
Is 4 a factor of 10855?
False
Does 6 divide 162?
True
Does 20 divide 1680?
True
Is 69727 a multiple of 19?
False
Does 16 divide 992?
True
Is 15 a factor of 914?
False
Is 119 a factor of 7111?
False
Does 14 divide 1065?
False
Is 41195 a multiple of 12?
False
Does 15 divide 2670?
True
Is 3369 a multiple of 69?
False
Is 36 a factor of 1968?
False
Is 2532 a multiple of 6?
True
Does 31 divide 121923?
True
Is 4 a factor of 186?
False
Is 83 a factor of 1132?
False
Is 8600 a multiple of 43?
True
Is 274 a multiple of 48?
False
Is 36776 a multiple of 240?
False
Does 47 divide 851?
False
Is 50 a factor of 26522?
False
Is 10 a factor of 62558?
False
Is 37 a multiple of 37?
True
Is 483 a multiple of 30?
False
Does 10 divide 4590?
True
Is 26 a factor of 1586?
True
Does 10 divide 70?
True
Is 17 a factor of 13473?
False
Is 32 a factor of 9664?
True
Is 37761 a multiple of 5?
False
Is 13570 a multiple of 46?
True
Does 6 divide 615?
False
Is 1495 a multiple of 12?
False
Is 23613 a multiple of 11?
False
Is 93 a factor of 1023?
True
Is 69 a factor of 951?
False
Does 37 divide 370?
True
Is 28 a multiple of 3?
False
Is 510 a multiple of 5?
True
Is 41 a factor of 2050?
True
Is 7 a factor of 8138?
False
Does 75 divide 44700?
True
Does 22 divide 26070?
True
Does 16 divide 94333?
False
Is 1723 a multiple of 36?
False
Does 4 divide 265?
False
Does 17 divide 76862?
False
Is 18597 a multiple of 317?
False
Is 5111 a multiple of 69?
False
Is 620 a multiple of 10?
True
Does 18 divide 16794?
True
Does 43 divide 1763?
True
Is 26 a factor of 7091?
False
Is 1404 a multiple of 161?
False
Is 19 a factor of 6517?
True
Is 46268 a multiple of 172?
True
Is 3460 a multiple of 19?
False
Does 3 divide 301?
False
Is 7 a factor of 361?
False
Is 1251 a multiple of 139?
True
Does 14 divide 10542?
True
Is 11 a factor of 440?
True
Is 18 a factor of 50094?
True
Does 92 divide 1505?
False
Is 53 a factor of 1118?
False
Is 202 a multiple of 8?
False
Is 22 a factor of 4180?
True
Is 2020 a multiple of 5?
True
Does 56 divide 9601?
False
Is 19116 a multiple of 4?
True
Is 810 a multiple of 27?
True
Does 203 divide 50547?
True
Is 9 a factor of 885?
False
Does 12 divide 264?
True
Is 640 a multiple of 6?
False
Is 40 a factor of 616?
False
Is 4 a factor of 1417?
False
Is 31 a factor of 3348?
True
Is 2 a factor of 32?
True
Is 81 a factor of 23733?
True
Does 6 divide 84?
True
Is 14352 a multiple of 6?
True
Is 596 a multiple of 33?
False
Does 7 divide 798?
True
Is 40 a factor of 97080?
True
Is 1442 a multiple of 25?
False
Is 5 a factor of 3274?
False
Does 10 divide 35346?
False
Is 1150 a multiple of 25?
True
Does 24 divide 12752?
False
Does 14 divide 2972?
False
Is 8 a factor of 10277?
False
Does 111 divide 18230?
False
Is 10361 a multiple of 30?
False
Does 17 divide 391?
True
Does 3 divide 105?
True
Does 2 divide 350?
True
Does 46 divide 23690?
True
Is 8 a factor of 59?
False
Is 3052 a multiple of 245?
False
Is 576 a multiple of 8?
True
Does 22 divide 6312?
False
Is 77 a factor of 4304?
False
Is 2712 a multiple of 226?
True
Is 9 a factor of 17127?
True
Does 10 divide 114?
False
Is 6 a factor of 8040?
True
Does 3 divide 900?
True
Is 10643 a multiple of 40?
False
Does 28 divide 7196?
True
Is 13 a factor of 2928?
False
Is 15 a factor of 90?
True
Is 778 a multiple of 3?
False
Is 3761 a multiple of 4?
False
Is 18 a factor of 2728?
False
Is 12817 a multiple of 30?
False
Does 14 divide 4913?
False
Is 3198 a multiple of 41?
True
Does 53 divide 38054?
True
Is 3360 a multiple of 20?
True
Is 14 a factor of 28385?
False
Is 2079 a multiple of 33?
True
Is 96 a factor of 606?
False
Is 630 a multiple of 18?
True
Is 1561 a multiple of 15?
False
Is 148 a multiple of 6?
False
Does 171 divide 10952?
False
Does 22 divide 66?
True
Is 10064 a multiple of 16?
True
Is 265 a multiple of 13?
False
Does 107 divide 61739?
True
Does 15 divide 254?
False
Is 232 a multiple of 22?
False
Is 110055 a multiple of 20?
False
Does 33 divide 533?
False
Is 87 a factor of 74907?
True
Is 7433 a multiple of 24?
False
Does 36 divide 576?
True
Is 5304 a multiple of 24?
True
Is 12 a factor of 624?
True
Does 5 divide 1430?
True
Is 3850 a multiple of 11?
True
Does 12 divide 24683?
False
Is 1781 a multiple of 15?
False
Is 51 a factor of 9371?
False
Does 24 divide 4944?
True
Is 2645 a multiple of 69?
False
Is 49137 a multiple of 33?
True
Is 107101 a multiple of 186?
False
Is 99392 a multiple of 16?
True
Does 3 divide 1083?
True
Is 52 a factor of 37523?
False
Is 9 a factor of 825?
False
Is 6729 a multiple of 12?
False
Is 2 a factor of 1653?
False
Is 2396 a multiple of 16?
False
Is 27 a factor of 594?
True
Is 3948 a multiple of 42?
True
Is 36856 a multiple of 30?
False
Is 8 a factor of 56?
True
Is 132 a multiple of 7?
False
Is 2000 a multiple of 14?
False
Is 10 a factor of 780?
True
Does 93 divide 59388?
False
Does 98 divide 4704?
True
Is 11 a factor of 110?
True
Is 737 a multiple of 106?
False
Is 6 a factor of 671?
False
Does 12 divide 28404?
True
Is 3925 even?
False
Is 19936 a multiple of 56?
True
Is 2345 a multiple of 35?
True
Is 21 a factor of 210?
True
Is 16 a factor of 54?
False
Does 20 divide 1832?
False
Is 18 a factor of 2394?
True
Is 46 a factor of 2392?
True
Is 17 a factor of 799?
True
Does 8 divide 1352?
True
Is 2148 a multiple of 9?
False
Is 1650 a multiple of 6?
T